40480 and 12825835.
1265
What is the greatest common divisor of 2019 and 420702395?
673
Calculate the greatest common factor of 61541792 and 16.
16
What is the highest common factor of 342 and 34?
2
What is the greatest common factor of 107207 and 24064?
47
What is the greatest common divisor of 57361 and 338314?
19
What is the highest common divisor of 44 and 9727234?
22
Calculate the greatest common divisor of 173272177 and 1853.
1853
What is the greatest common divisor of 279480 and 240?
120
Calculate the highest common divisor of 58190498 and 3047.
277
Calculate the highest common divisor of 36145098 and 828.
414
What is the greatest common factor of 433993438 and 3086?
3086
Calculate the highest common factor of 716614 and 6188387.
6073
Calculate the highest common divisor of 126 and 2368744.
14
What is the greatest common factor of 6216 and 526323?
21
What is the greatest common factor of 246 and 125415638?
82
Calculate the highest common divisor of 87316 and 2998.
2
What is the greatest common divisor of 16876313 and 1007?
1007
What is the highest common divisor of 1644607638 and 162?
162
What is the highest common factor of 3076148 and 19844?
164
What is the greatest common factor of 11119184 and 64?
16
What is the highest common divisor of 19 and 194532089?
19
What is the highest common factor of 4301059 and 14?
7
Calculate the greatest common factor of 740 and 5491910.
370
What is the highest common factor of 91600444 and 28405?
5681
What is the highest common divisor of 2337296 and 4472?
104
What is the greatest common divisor of 16592 and 724?
4
Calculate the greatest common factor of 504 and 86765928.
24
What is the greatest common factor of 43775306 and 1490?
298
What is the highest common factor of 54522720 and 4480?
1120
What is the highest common factor of 33371272 and 8?
8
Calculate the greatest common divisor of 51721920 and 240.
240
What is the greatest common divisor of 8601183 and 144?
9
What is the greatest common divisor of 275901288 and 4056?
4056
Calculate the greatest common factor of 880292 and 142.
2
What is the highest common divisor of 2293 and 42459481?
2293
Calculate the greatest common divisor of 225132 and 1034556.
876
What is the highest common divisor of 2082 and 25726233?
1041
What is the greatest common divisor of 126932995 and 315?
35
Calculate the greatest common divisor of 11061 and 35253.
9
Calculate the greatest common factor of 78991 and 4746555.
473
Calculate the greatest common factor of 900 and 3679275.
75
Calculate the greatest common divisor of 5300 and 10993525.
1325
Calculate the highest common divisor of 1590192 and 1110672.
1296
Calculate the greatest common factor of 172026 and 106636.
1006
Calculate the greatest common divisor of 332504 and 76184.
712
Calculate the greatest common divisor of 2384 and 1819588.
596
What is the highest common divisor of 649 and 7199239?
59
What is the greatest common divisor of 11579942 and 11663?
109
Calculate the highest common factor of 1083 and 1881205656.
1083
What is the greatest common divisor of 53567 and 1930741?
2329
What is the greatest common divisor of 4440320 and 1580?
20
What is the greatest common divisor of 3726 and 4108122?
414
What is the highest common factor of 31938290 and 21834?
2426
Calculate the greatest common divisor of 12024 and 175872042.
3006
Calculate the greatest common factor of 429460 and 362480.
3940
Calculate the greatest common factor of 81 and 161079.
3
Calculate the highest common divisor of 95452472 and 279.
31
Calculate the highest common factor of 6780213 and 126873.
999
Calculate the greatest common factor of 3716892 and 5896.
268
Calculate the highest common divisor of 1397 and 13063093.
127
What is the highest common divisor of 6794446 and 393?
131
What is the highest common divisor of 39815 and 2010?
5
Calculate the greatest common factor of 75588096 and 1824.
96
Calculate the greatest common factor of 264 and 292231896.
264
Calculate the greatest common factor of 10359141 and 897.
39
What is the greatest common factor of 2832510501 and 727?
727
Calculate the highest common divisor of 31847295 and 690.
345
Calculate the greatest common divisor of 1392710950 and 23.
23
Calculate the greatest common divisor of 18360 and 33804432.
3672
What is the highest common factor of 167334 and 3?
3
Calculate the greatest common divisor of 6476 and 3377.
1
Calculate the greatest common divisor of 462088 and 636669.
649
Calculate the greatest common factor of 313142665 and 110.
55
What is the greatest common factor of 212 and 370163819?
53
What is the greatest common factor of 12 and 506730372?
12
What is the highest common factor of 95192 and 85848?
584
What is the highest common factor of 356200 and 811850?
650
What is the highest common divisor of 60601203 and 41743?
3211
Calculate the greatest common factor of 53508 and 105924.
1092
Calculate the greatest common divisor of 2395848 and 37128.
2184
What is the highest common factor of 684350 and 3550?
50
What is the greatest common factor of 100354842 and 612?
306
Calculate the highest common divisor of 98073 and 10043829.
5769
What is the highest common divisor of 81538 and 676?
2
What is the greatest common factor of 97829722 and 1468?
734
Calculate the highest common divisor of 50 and 2724299025.
25
Calculate the greatest common divisor of 25665275 and 108850.
7775
Calculate the highest common divisor of 304275 and 38250.
75
Calculate the greatest common divisor of 256 and 4436944.
16
What is the highest common divisor of 84 and 196937748?
84
Calculate the highest common factor of 2517056 and 3083072.
4288
Calculate the highest common factor of 8260 and 38332.
28
Calculate the highest common divisor of 3937590 and 444210.
2010
What is the greatest common divisor of 14661288 and 21352?
1256
Calculate the greatest common divisor of 288824 and 69921.
457
What is the highest common divisor of 636 and 5855811?
159
Calculate the highest common divisor of 2842 and 98000.
98
What is the greatest common divisor of 906 and 5197118?
302
What is the greatest common divisor of 145 and 3489385?
5
Calculate the greatest common factor of 448211 and 6349743.
523
Calculate the highest common divisor of 133 and 47651354.
19
What is the greatest common factor of 16 and 67106096?
16
What is the greatest common divisor of 13940 and 322760?
20
Calculate the greatest common factor of 13320 and 60165.
45
Calculate the highest common factor of 998 and 121543426.
998
What is the highest common divisor of 7821 and 2456850?
33
Calculate the greatest common divisor of 105666 and 345543.
33
Calculate the greatest common divisor of 378712654 and 574.
82
Calculate the greatest common factor of 2447 and 2896.
1
Calculate the greatest common divisor of 1208 and 226552.
8
What is the highest common factor of 194412150 and 675?
675
Calculate the greatest common divisor of 12985 and 1006901.
49
What is the greatest common divisor of 20 and 47293764?
4
Calculate the highest common divisor of 226134 and 41463.
153
What is the highest common divisor of 867 and 13411691?
17
What is the greatest common divisor of 57955 and 22177?
67
What is the highest common divisor of 6724201 and 19503?
2167
What is the greatest common divisor of 48 and 163974?
6
Calculate the highest common divisor of 4639472 and 4.
4
Calculate the greatest common factor of 1943487 and 72.
9
Calculate the highest common divisor of 305010 and 4005.
45
Calculate the highest common divisor of 11218759 and 37506.
893
Calculate the highest common divisor of 1071 and 8433054.
1071
What is the highest common divisor of 1736678550 and 6?
6
Calculate the greatest common factor of 77860 and 3930.
10
Calculate the greatest common divisor of 737 and 26624862.
737
What is the greatest common divisor of 6840 and 18952215?
285
Calculate the highest common factor of 798724 and 84346.
466
What is the greatest common factor of 431812 and 60844?
164
Calculate the highest common divisor of 159960 and 171355.
215
Calculate the highest common factor of 25463610 and 114.
114
What is the greatest common divisor of 14656992 and 92820?
1428
What is the highest common factor of 46400325 and 75?
75
Calculate the greatest common divisor of 3445186 and 578.
34
What is th